{"id":119,"date":"2025-03-06T09:27:28","date_gmt":"2025-03-06T08:27:28","guid":{"rendered":"https:\/\/maisonsanstabou.fr\/?post_type=product&#038;p=119"},"modified":"2026-04-29T16:33:36","modified_gmt":"2026-04-29T14:33:36","slug":"lamort","status":"publish","type":"product","link":"https:\/\/maisonsanstabou.fr\/index.php\/produit\/lamort\/","title":{"rendered":"La mort"},"content":{"rendered":"<p><strong><span dir=\"auto\" style=\"vertical-align: inherit;\"><span dir=\"auto\" style=\"vertical-align: inherit;\">\u00ab Papa ? c&rsquo;est quoi la mort ? Et si on en parlait avant qu&rsquo;elle n&rsquo;arrive ?\u00a0\u00bb<\/span><\/span><\/strong><\/p>\n<p><span dir=\"auto\" style=\"vertical-align: inherit;\"><span dir=\"auto\" style=\"vertical-align: inherit;\">Avec des mots simples et des illustrations inclusives, ce livre aborde un sujet souvent tabou en apportant des explications claires et douces. Il aide les enfants \u00e0 mettre des mots sur leurs questions et leurs \u00e9motions, en leur offrant une vision rassurante et authentique de la mort.<\/span><\/span><\/p>\n<p><span dir=\"auto\" style=\"vertical-align: inherit;\"><span dir=\"auto\" style=\"vertical-align: inherit;\">Un livre essentiel pour parler vrai d\u00e8s le plus jeune \u00e2ge !<\/span><\/span><\/p>\n<p><span dir=\"auto\" style=\"vertical-align: inherit;\"><span dir=\"auto\" style=\"vertical-align: inherit;\">0-4 ans<\/span><\/span><\/p>\n<p>Tout cartonn\u00e9<\/p>\n<p><span dir=\"auto\" style=\"vertical-align: inherit;\"><span dir=\"auto\" style=\"vertical-align: inherit;\">\u00c9crit par Mona H et illustr\u00e9 par Lou Gille<\/span><\/span><\/p>\n<p><span dir=\"auto\" style=\"vertical-align: inherit;\"><span dir=\"auto\" style=\"vertical-align: inherit;\">Collection La vraie v\u00e9rit\u00e9 sur\u2026<\/span><\/span><\/p>\n<p><span dir=\"auto\" style=\"vertical-align: inherit;\"><span dir=\"auto\" style=\"vertical-align: inherit;\">16&#215;16 cm<\/span><\/span><\/p>\n<p><span dir=\"auto\" style=\"vertical-align: inherit;\"><span dir=\"auto\" style=\"vertical-align: inherit;\">14 pages illustr\u00e9es<\/span><\/span><\/p>\n","protected":false},"excerpt":{"rendered":"<p><strong><span dir=\"auto\" style=\"vertical-align: inherit;\"><span dir=\"auto\" style=\"vertical-align: inherit;\">La vraie v\u00e9rit\u00e9 sur\u2026 la mort<\/span><\/span><\/strong><\/p>\n<p><span dir=\"auto\" style=\"vertical-align: inherit;\"><span dir=\"auto\" style=\"vertical-align: inherit;\">Un album illustr\u00e9 doux et sinc\u00e8re pour aider les tout-petits \u00e0 comprendre la mort.<\/span><\/span><\/p>\n<p><span dir=\"auto\" style=\"vertical-align: inherit;\"><span dir=\"auto\" style=\"vertical-align: inherit;\">0-4 ans<\/span><\/span><\/p>\n<p>&nbsp;<\/p>\n<p>&nbsp;<\/p>\n","protected":false},"featured_media":1244,"comment_status":"open","ping_status":"closed","template":"","meta":[],"product_brand":[],"product_cat":[47,80],"product_tag":[45,43,46,44,38,39,40,35,41,42],"class_list":{"0":"post-119","1":"product","2":"type-product","3":"status-publish","4":"has-post-thumbnail","6":"product_cat-la-vraie-verite-sur","7":"product_cat-livres","8":"product_tag-ecole","9":"product_tag-ecriture-inclusive","10":"product_tag-enfants","11":"product_tag-illustrations-inclusives","12":"product_tag-la-mort","13":"product_tag-livre-pour-enfant","14":"product_tag-livre-pour-enfant-sur-la-mort","15":"product_tag-parentalite","16":"product_tag-sujet-tabou","17":"product_tag-tabou","18":"product_shipping_class-colissimo","20":"first","21":"instock","22":"taxable","23":"shipping-taxable","24":"purchasable","25":"product-type-simple"},"_links":{"self":[{"href":"https:\/\/maisonsanstabou.fr\/index.php\/wp-json\/wp\/v2\/product\/119","targetHints":{"allow":["GET"]}}],"collection":[{"href":"https:\/\/maisonsanstabou.fr\/index.php\/wp-json\/wp\/v2\/product"}],"about":[{"href":"https:\/\/maisonsanstabou.fr\/index.php\/wp-json\/wp\/v2\/types\/product"}],"replies":[{"embeddable":true,"href":"https:\/\/maisonsanstabou.fr\/index.php\/wp-json\/wp\/v2\/comments?post=119"}],"wp:featuredmedia":[{"embeddable":true,"href":"https:\/\/maisonsanstabou.fr\/index.php\/wp-json\/wp\/v2\/media\/1244"}],"wp:attachment":[{"href":"https:\/\/maisonsanstabou.fr\/index.php\/wp-json\/wp\/v2\/media?parent=119"}],"wp:term":[{"taxonomy":"product_brand","embeddable":true,"href":"https:\/\/maisonsanstabou.fr\/index.php\/wp-json\/wp\/v2\/product_brand?post=119"},{"taxonomy":"product_cat","embeddable":true,"href":"https:\/\/maisonsanstabou.fr\/index.php\/wp-json\/wp\/v2\/product_cat?post=119"},{"taxonomy":"product_tag","embeddable":true,"href":"https:\/\/maisonsanstabou.fr\/index.php\/wp-json\/wp\/v2\/product_tag?post=119"}],"curies":[{"name":"wp","href":"https:\/\/api.w.org\/{rel}","templated":true}]}}

<p><strong><span dir="auto" style="vertical-align: inherit;"><span dir="auto" style="vertical-align: inherit;">« Papa ? c&rsquo;est quoi la mort ? Et si on en parlait avant qu&rsquo;elle n&rsquo;arrive ? »</span></span></strong></p>
<p><span dir="auto" style="vertical-align: inherit;"><span dir="auto" style="vertical-align: inherit;">Avec des mots simples et des illustrations inclusives, ce livre aborde un sujet souvent tabou en apportant des explications claires et douces. Il aide les enfants à mettre des mots sur leurs questions et leurs émotions, en leur offrant une vision rassurante et authentique de la mort.</span></span></p>
<p><span dir="auto" style="vertical-align: inherit;"><span dir="auto" style="vertical-align: inherit;">Un livre essentiel pour parler vrai dès le plus jeune âge !</span></span></p>
<p><span dir="auto" style="vertical-align: inherit;"><span dir="auto" style="vertical-align: inherit;">0-4 ans</span></span></p>
<p>Tout cartonné</p>
<p><span dir="auto" style="vertical-align: inherit;"><span dir="auto" style="vertical-align: inherit;">Écrit par Mona H et illustré par Lou Gille</span></span></p>
<p><span dir="auto" style="vertical-align: inherit;"><span dir="auto" style="vertical-align: inherit;">Collection La vraie vérité sur…</span></span></p>
<p><span dir="auto" style="vertical-align: inherit;"><span dir="auto" style="vertical-align: inherit;">16&#215;16 cm</span></span></p>
<p><span dir="auto" style="vertical-align: inherit;"><span dir="auto" style="vertical-align: inherit;">14 pages illustrées</span></span></p>

<p><strong><span dir="auto" style="vertical-align: inherit;"><span dir="auto" style="vertical-align: inherit;">La vraie vérité sur… la mort</span></span></strong></p>
<p><span dir="auto" style="vertical-align: inherit;"><span dir="auto" style="vertical-align: inherit;">Un album illustré doux et sincère pour aider les tout-petits à comprendre la mort.</span></span></p>
<p><span dir="auto" style="vertical-align: inherit;"><span dir="auto" style="vertical-align: inherit;">0-4 ans</span></span></p>
<p>&nbsp;</p>
<p>&nbsp;</p>
